{"id":28,"date":"2008-11-22T14:01:41","date_gmt":"2008-11-22T13:01:41","guid":{"rendered":"http:\/\/schloss.wascut.de\/?page_id=28"},"modified":"2011-05-18T13:07:42","modified_gmt":"2011-05-18T12:07:42","slug":"bilder-innenaufnahmen","status":"publish","type":"page","link":"https:\/\/schloss.wascut.de\/?page_id=28","title":{"rendered":"Fotos &#8211; Innen"},"content":{"rendered":"<p><img decoding=\"async\" src=\"http:\/\/schloss.wascut.de\/images\/inside1.jpg\"><br \/>\nB\u00fcro in der gro\u00dfen Wohnung im Obergeschoss.<\/p>\n<p><img decoding=\"async\" src=\"http:\/\/schloss.wascut.de\/images\/inside2.jpg\"><br \/>\nB\u00fcro in der gro\u00dfen Wohnung im Obergeschoss.<\/p>\n<p><img decoding=\"async\" src=\"http:\/\/schloss.wascut.de\/images\/inside3.jpg\"><br \/>\nWohnzimmer in der gro\u00dfen Wohnung im Obergeschoss.<\/p>\n<p><img decoding=\"async\" src=\"http:\/\/schloss.wascut.de\/images\/inside4.jpg\"><br \/>\nWohnzimmer in der gro\u00dfen Wohnung im Obergeschoss.<\/p>\n<p><img decoding=\"async\" src=\"http:\/\/schloss.wascut.de\/images\/inside5.jpg\"><br \/>\nWohnzimmer in der gro\u00dfen Wohnung im Obergeschoss.<\/p>\n<p><img decoding=\"async\" src=\"http:\/\/schloss.wascut.de\/images\/inside7.jpg\"><br \/>\nK\u00fcche in der gro\u00dfen Wohnung im Obergeschoss.<\/p>\n<p><img decoding=\"async\" src=\"http:\/\/schloss.wascut.de\/images\/inside8.jpg\"><br \/>\nEsszimmer in der gro\u00dfen Wohnung im Obergeschoss.<\/p>\n<p><img decoding=\"async\" src=\"http:\/\/schloss.wascut.de\/images\/inside9.jpg\"><br \/>\nEsszimmer in der gro\u00dfen Wohnung im Obergeschoss.<\/p>\n<p><img decoding=\"async\" src=\"http:\/\/schloss.wascut.de\/images\/inside11.jpg\"><br \/>\nFlur in der gro\u00dfen Wohnung im Obergeschoss.<\/p>\n<p><img decoding=\"async\" src=\"http:\/\/schloss.wascut.de\/images\/inside12.jpg\"><br \/>\nBadezimmer in der gro\u00dfen Wohnung im Obergeschoss.<\/p>\n<p><img decoding=\"async\" src=\"http:\/\/schloss.wascut.de\/images\/inside13.jpg\"><br \/>\nBadezimmer in der kleinen Wohnung im Obergeschoss.<\/p>\n<p><img decoding=\"async\" src=\"http:\/\/schloss.wascut.de\/images\/inside14.jpg\"><br \/>\nZweites Badezimmer in der gro\u00dfen Wohnung im Obergeschoss.<\/p>\n<p><img decoding=\"async\" src=\"http:\/\/schloss.wascut.de\/images\/inside20.jpg\"><br \/>\nBlick vom Esszimmer in das Wohnzimmer in der gro\u00dfen Wohnung in Untergeschoss.<\/p>\n<p><img decoding=\"async\" src=\"http:\/\/schloss.wascut.de\/images\/inside21.jpg\"><br \/>\nBlick zwischen den Tagungsr\u00e4umen im entkernten Bereich des Obergeschosses.<\/p>\n<p><img decoding=\"async\" src=\"http:\/\/schloss.wascut.de\/images\/inside24.jpg\"><br \/>\nT\u00fcren zwischen Esszimmer und K\u00fcche in der gro\u00dfen Wohnung im Untergeschoss.<\/p>\n<p><img decoding=\"async\" src=\"http:\/\/schloss.wascut.de\/images\/inside26.jpg\"><br \/>\nT\u00fcren zwischen Esszimmer und K\u00fcche in der gro\u00dfen Wohnung im Untergeschoss.<\/p>\n<p><img decoding=\"async\" src=\"http:\/\/schloss.wascut.de\/images\/inside22.jpg\"><br \/>\nT\u00fcren zwischen Esszimmer und K\u00fcche in der gro\u00dfen Wohnung im Untergeschoss.<\/p>\n<p><img decoding=\"async\" src=\"http:\/\/schloss.wascut.de\/images\/inside25.jpg\"><br \/>\nT\u00fcr zwischen Esszimmer und Turmzimmer in der gro\u00dfen Wohnung im Untergeschoss.<\/p>\n","protected":false},"excerpt":{"rendered":"<p>B\u00fcro in der gro\u00dfen Wohnung im Obergeschoss. B\u00fcro in der gro\u00dfen Wohnung im Obergeschoss. Wohnzimmer in der gro\u00dfen Wohnung im Obergeschoss. Wohnzimmer in der gro\u00dfen Wohnung im Obergeschoss. Wohnzimmer in der gro\u00dfen Wohnung im Obergeschoss. K\u00fcche in der gro\u00dfen Wohnung im Obergeschoss. Esszimmer in der gro\u00dfen Wohnung im Obergeschoss. Esszimmer in der gro\u00dfen Wohnung im [&hellip;]<\/p>\n","protected":false},"author":1,"featured_media":0,"parent":0,"menu_order":10,"comment_status":"closed","ping_status":"closed","template":"","meta":{"footnotes":""},"class_list":["post-28","page","type-page","status-publish","hentry"],"_links":{"self":[{"href":"https:\/\/schloss.wascut.de\/index.php?rest_route=\/wp\/v2\/pages\/28","targetHints":{"allow":["GET"]}}],"collection":[{"href":"https:\/\/schloss.wascut.de\/index.php?rest_route=\/wp\/v2\/pages"}],"about":[{"href":"https:\/\/schloss.wascut.de\/index.php?rest_route=\/wp\/v2\/types\/page"}],"author":[{"embeddable":true,"href":"https:\/\/schloss.wascut.de\/index.php?rest_route=\/wp\/v2\/users\/1"}],"replies":[{"embeddable":true,"href":"https:\/\/schloss.wascut.de\/index.php?rest_route=%2Fwp%2Fv2%2Fcomments&post=28"}],"version-history":[{"count":9,"href":"https:\/\/schloss.wascut.de\/index.php?rest_route=\/wp\/v2\/pages\/28\/revisions"}],"predecessor-version":[{"id":103,"href":"https:\/\/schloss.wascut.de\/index.php?rest_route=\/wp\/v2\/pages\/28\/revisions\/103"}],"wp:attachment":[{"href":"https:\/\/schloss.wascut.de\/index.php?rest_route=%2Fwp%2Fv2%2Fmedia&parent=28"}],"curies":[{"name":"wp","href":"https:\/\/api.w.org\/{rel}","templated":true}]}}